0. What is the remainder when (10/(-15) - -3)*21 is divided by f?
9
Suppose 3*o = 2*c - 116, 4*c + 3*o - 169 - 81 = 0. What is the remainder when c is divided by 9?
7
Suppose -g + 4*u = -118, -5*u = -4*g + 208 + 308. What is the remainder when g is divided by 48?
38
Suppose -16*t + 12*t = -116. Suppose -3*z = 5*l - t, 0*z + l + 7 = z. Let f = -2 + 14. Calculate the remainder when f is divided by z.
4
Suppose 0 = -13*i + 1175 - 473. Calculate the remainder when i is divided by 11.
10
Calculate the remainder when ((-378)/(-16) - -3) + 3/8 is divided by 10.
7
Suppose -18 = -4*l + l. What is the remainder when (-5)/(10/(-132))*5/10 is divided by l?
3
Let n be (3 - (-85)/(-20))/(1/(-4)). Suppose 72 = n*i - 2*i. What is the remainder when 93 is divided by i?
21
Suppose -23*b = -7158 - 7677. What is the remainder when b is divided by 24?
21
Let q be (-2)/((4/(-146))/1). Let y = 130 - q. Let h = -37 + y. Calculate the remainder when 58 is divided by h.
18
Let p(z) = -z**2 + 6*z - 2. Let s be p(6). Calculate the remainder when 2512/28 - 18/(-63) is divided by 4 - 6 - 50/s.
21
Suppose 0 = 4*f - 219 + 27. Calculate the remainder when f is divided by 17.
14
Suppose -3*t + 4*p = -137, 24 - 92 = -2*t - 2*p. What is the remainder when t is divided by 22?
17
Suppose -15*x = -13*x - 30. Suppose m - 44 = -5*v, 14 = 4*v - 2*m - 24. What is the remainder when x is divided by v?
6
Suppose -i - 2*n = 4*i - 315, 85 = i - 4*n. What is the remainder when i is divided by 53?
12
Let o = -920 + 970. What is the remainder when 795 is divided by o?
45
Let r = 10 + -6. Suppose r*w - 3 = 25. What is the remainder when 39 is divided by w?
4
Let r = 11 - 6. Let m = r + 7. What is the remainder when m is divided by -1 + (21 - 16) + (1 - 0)?
2
Let i = -1 + 79. Let c = -26 + i. What is the remainder when c is divided by 14?
10
What is the remainder when 21/12 + (-37772)/(-112) is divided by 11?
9
Calculate the remainder when (-7*1)/(7 - (-297)/(-42)) is divided by 20.
18
Let q = -49 - -98. Suppose 3*i = 2*s + 3*s + 80, -s + q = 2*i. What is the remainder when 72 is divided by i?
22
Suppose 6 = 4*g - 6. Suppose 341 = -l + 5*l - g*s, 5*l = 4*s + 426. What is the remainder when l is divided by 23?
17
Let j = 387 + -136. Calculate the remainder when j is divided by 42.
41
Suppose 7*q - 2*i + 790 = 11*q, 0 = -5*q + 3*i + 1004. What is the remainder when q is divided by 68?
63
Suppose 2*y + 102 = 5*y. Suppose -23*l + 180 = -20*l. Suppose -48 = -2*t - 5*o, -2*o + 39 + l = 5*t. Calculate the remainder when y is divided by t.
15
Suppose 0 = -4*p + 39 + 21. Calculate the remainder when 11 is divided by (-430)/(-150) - (-2)/p.
2
Suppose -3*z - 2*t = 2*t + 11, 4*z = -4*t - 8. Let v be -4*(-4)/(-4) - -1. Let f = v - -8. Calculate the remainder when f is divided by z.
2
What is the remainder when 226 is divided by (-21 - -2)/(65/(-15) + 4)?
55
What is the remainder when 2 + (-119)/56 + 2673/8 is divided by 24?
22
Suppose -310 = -5*w - 0*w. Let s(l) = -l**3 + 9*l**2 + 20*l - 211. What is the remainder when w is divided by s(8)?
10
Let m(z) = 12*z**2 + 24*z + 9. Calculate the remainder when m(-4) is divided by 44.
17
Let l(s) = -s**2 - 15*s + 24. Let r be l(-15). What is the remainder when r*2 + (1 - -2) is divided by 14?
9
Let l = -33 + -11. Let u(o) = -66*o**2 - 7*o + 6. Let y be u(1). Let n = l - y. What is the remainder when n is divided by 13?
10
Suppose -2*o + 2*k + 32 = 0, 5*k = -3*o + k + 83. What is the remainder when 101 is divided by o?
17
Let h(o) = 2*o - 1. Let d be h(1). Suppose m + d = -7. Let v = m - -11. What is the remainder when 4 is divided by v?
1
Let s(p) = p**3 + 12*p**2 + 22*p + 55. Calculate the remainder when 41 is divided by s(-10).
6
Let n(p) = p**2 + p + 8. Suppose 6*q - 1 = 2*d + q, 3*d = q + 18. What is the remainder when n(0) is divided by d?
1
Suppose -5*c = -4*h - 24 + 192, -3*c = -h + 35. Suppose -5*r + 16 = 3*o, -4*r + 5*r = o - 16. Calculate the remainder when h is divided by o.
11
Let z(o) = -o**2 + 16*o - 18. Suppose -l - 15 = -3*g, -3*g + 12 = -5*l - 3. Suppose q + l*q = 6. What is the remainder when z(13) is divided by q?
3
Suppose -128 + 10 = -2*t - 3*v, v = -t + 58. Calculate the remainder when 332 is divided by t.
52
Let q = 8 + 4. What is the remainder when -2 + 10 - (-50)/1 is divided by q?
10
Let j(s) = -s**3 - 12*s**2 - s - 8. Let a be j(-12). Suppose 0 = p + 2, -2*p = a*c - 140. Calculate the remainder when c is divided by 13.
10
Suppose 3*d + w = 307, 125*w - 120*w - 391 = -4*d. Calculate the remainder when d is divided by 14.
6
Let r be -2*-9*3/(-18). Let m(q) = -2*q - 6. Let o be m(r). Suppose o = 4*t + 16 - 60. Calculate the remainder when t is divided by 4.
3
Suppose 0*p - 2*p + 1 = 5*n, 0 = -4*n - 4. Suppose 5*f - 445 = -p*i, 570 = 4*i - 6*f + f. Calculate the remainder when i/10 + 3/2 is divided by 6.
4
Calculate the remainder when 101 is divided by 1 + 33 + -2 + 3 + 1.
29
Let j(z) = z + 21. Let s = 31 - 39. Calculate the remainder when j(s) is divided by 4.
1
Suppose 4*t + 14 = 5*k + 40, k = -t + 2. Suppose x = t*f - 0*f + 177, -3*f - 120 = -5*x. Let q = -26 - f. What is the remainder when 35 is divided by q?
16
Let m = -69 - -76. Suppose -m*s + 2*s + 460 = 5*n, 0 = -2*s + n + 187. What is the remainder when s is divided by (24/(-10))/((-2)/20)?
21
Let n = 43 + 14. Suppose 3*b = 2*b - 2*s + n, 161 = 3*b - 4*s. Calculate the remainder when b is divided by 14.
13
Let g(t) = -45*t - 605. What is the remainder when 26 is divided by g(-14)?
1
Let v = -15 - -18. Suppose 5 = -v*c - 3*w - 73, -4*c - 106 = 3*w. Let t = c - -71. What is the remainder when t is divided by 23?
20
Suppose -r - 6*g + 139 = -10*g, 0 = 2*r + g - 233. What is the remainder when r is divided by 25?
19
Let w(k) = -952*k + 2868. What is the remainder when 7/2*2*29 is divided by w(3)?
11
Let p = 25 + -15. Let a = -16 + 20. Calculate the remainder when (-1)/a + (-1256)/(-32) is divided by p.
9
Let c = 25 - 23. Let x(g) = 10*g**2 - g + 2. Let m be x(c). Calculate the remainder when 103/5 + 16/m is divided by 12.
9
Let a = -14 + 30. Let g = a + -32. What is the remainder when 50 is divided by 0 - -1 - g/1?
16
Let x = 31 - 15. Calculate the remainder when x is divided by (-66)/(-3)*2/4.
5
Let c be -2 + 1 + 23 + -4. Let l = c + -14. Suppose 0 = 3*t, -l*y = y + 2*t - 40. Calculate the remainder when 15 is divided by y.
7
Suppose -10 = 2*j - 8. Let s = 1 + j. Suppose s = i - 6*i + 375. What is the remainder when i is divided by 19?
18
Let c(d) = d**3 + 3*d**2 + 3*d + 2. Let t be c(-2). Suppose -8*h + 3*h - 90 = t. Let f = h + 55. What is the remainder when f is divided by 13?
11
Let j = 29 - 39. Let n(i) = -i**3 - 11*i**2 - 9*i + 18. What is the remainder when 30 is divided by n(j)?
6
Let k = -38 - -69. Calculate the remainder when (6 + 2 - 4) + 119 is divided by k.
30
Let h = 25 + -25. Suppose h = -4*m - 5*b + 83, 5*m - 30 = b + 52. Calculate the remainder when 66 is divided by m.
15
Suppose -156 = 66*b - 70*b. Let a = b - 15. Calculate the remainder when 41 is divided by a.
17
Suppose 0 = -38*o + 623 + 973. Suppose v + 62 = 3*s - 0*s, 0 = 5*s - 3*v - 98. What is the remainder when o is divided by s?
20
Let j = 135 - 126. Calculate the remainder when 43 is divided by j.
7
Suppose 0 = 2*m - 5*h + 24, -m - h - 2*h = -10. Let r be 2*m/(-4) + -1. Calculate the remainder when (-62)/(-2 + r) + 3 is divided by 18.
16
Let u be 12/14 + 12/84. Let t(g) = 0*g**2 + 4*g**2 - u - g + 0*g. What is the remainder when 65 is divided by t(-2)?
14
Let l(m) = m**3 - 16*m**2 + 58*m. What is the remainder when l(12) is divided by 41?
38
Let y = -608 + 677. Calculate the remainder when y is divided by 30.
9
Suppose 4*s = f - 17, 5*s + 2 = -f + 1. Suppose 4*b = f*b - 25. What is the remainder when 1/((-24)/26 + 1) is divided by b?
3
Suppose 5*w = -4*f + 52, -f = 2 - 0. Calculate the remainder when 41 is divided by w.
5
Let u = -16 - -18. Suppose -8 = 4*l + 2*a, u*l - a = -0*l - 4. Calculate the remainder when -148*l*1/8 is divided by 10.
7
Calculate the remainder when (16 + -14)*(-1 - (-279)/6) is divided by 31.
29
What is the remainder when 35 is divided by ((-102)/(-6))/1 - -1?
17
Suppose 10*k + 185 = 15*k. Calculate the remainder when k is divided by 5.
2
Let o(l) = -l**2 - 6*l - 3. Calculate the re